at are the prime factors of 573541?
47, 12203
List the prime factors of 401612.
2, 100403
What are the prime factors of 82669?
19, 229
What are the prime factors of 276230?
2, 5, 23, 1201
What are the prime factors of 7827550?
2, 5, 89, 1759
List the prime factors of 27890.
2, 5, 2789
What are the prime factors of 707518?
2, 7, 97, 521
What are the prime factors of 3189983?
3189983
What are the prime factors of 164748?
2, 3, 13729
What are the prime factors of 2811595?
5, 73, 7703
List the prime factors of 1942347.
3, 11, 71, 829
List the prime factors of 111815.
5, 11, 19, 107
List the prime factors of 63704.
2, 7963
What are the prime factors of 590527?
7, 29, 2909
What are the prime factors of 8495264?
2, 53, 5009
List the prime factors of 1218106.
2, 379, 1607
List the prime factors of 2214051.
3, 7, 19, 31, 179
List the prime factors of 38028.
2, 3, 3169
List the prime factors of 2138185.
5, 7, 61091
List the prime factors of 52557.
3, 17519
List the prime factors of 393668.
2, 11, 23, 389
What are the prime factors of 544499?
71, 7669
What are the prime factors of 148958?
2, 71, 1049
List the prime factors of 4734279.
3, 11, 17, 29, 97
What are the prime factors of 9031604?
2, 797, 2833
What are the prime factors of 10333451?
907, 11393
List the prime factors of 1043929.
1043929
List the prime factors of 1310500.
2, 5, 2621
List the prime factors of 40061.
7, 59, 97
What are the prime factors of 161175?
3, 5, 7, 307
List the prime factors of 598853.
598853
List the prime factors of 861559.
861559
List the prime factors of 466606.
2, 7, 33329
What are the prime factors of 1049717?
1049717
List the prime factors of 1125962.
2, 193, 2917
What are the prime factors of 71876?
2, 7, 17, 151
List the prime factors of 1168244.
2, 7, 11, 3793
What are the prime factors of 3498386?
2, 29, 60317
List the prime factors of 2064240.
2, 3, 5, 47, 61
What are the prime factors of 7577215?
5, 113, 13411
List the prime factors of 28890108.
2, 3, 13, 19
List the prime factors of 311258.
2, 19, 8191
List the prime factors of 1407035.
5, 7, 5743
List the prime factors of 11510558.
2, 199, 28921
List the prime factors of 133179.
3, 103, 431
What are the prime factors of 357256?
2, 44657
What are the prime factors of 297168?
2, 3, 41, 151
What are the prime factors of 11507?
37, 311
List the prime factors of 2381038.
2, 11, 9839
List the prime factors of 36917165.
5, 7383433
List the prime factors of 276372.
2, 3, 853
List the prime factors of 94502.
2, 47251
What are the prime factors of 2549067?
3, 23, 36943
What are the prime factors of 20289359?
19, 977, 1093
What are the prime factors of 161094?
2, 3, 26849
List the prime factors of 2047320.
2, 3, 5, 11, 47
List the prime factors of 2610901.
2610901
What are the prime factors of 1017917?
373, 2729
List the prime factors of 694429.
467, 1487
What are the prime factors of 832336?
2, 52021
List the prime factors of 746835.
3, 5, 49789
What are the prime factors of 117267?
3, 39089
What are the prime factors of 603308?
2, 150827
List the prime factors of 2078982.
2, 3, 115499
What are the prime factors of 19662490?
2, 5, 67, 29347
List the prime factors of 80561.
13, 6197
List the prime factors of 205332.
2, 3, 71, 241
What are the prime factors of 242131?
17, 14243
What are the prime factors of 1500669?
3, 166741
What are the prime factors of 3531208?
2, 191, 2311
What are the prime factors of 31101766?
2, 557, 27919
What are the prime factors of 307508?
2, 59, 1303
What are the prime factors of 72678?
2, 3, 12113
List the prime factors of 2044312.
2, 47, 5437
List the prime factors of 1688585.
5, 41, 8237
What are the prime factors of 2413833?
3, 804611
What are the prime factors of 821324?
2, 7, 29333
What are the prime factors of 4534682?
2, 17, 41, 3253
What are the prime factors of 13101891?
3, 11, 397027
List the prime factors of 311358.
2, 3, 51893
List the prime factors of 3250284.
2, 3, 43, 6299
List the prime factors of 682067.
151, 4517
List the prime factors of 331189.
19, 17431
What are the prime factors of 696629?
696629
What are the prime factors of 204821?
204821
What are the prime factors of 135686?
2, 67843
What are the prime factors of 26157257?
7, 487, 7673
What are the prime factors of 17478716?
2, 4369679
List the prime factors of 2358197.
41, 113, 509
List the prime factors of 5620195.
5, 7, 103, 1559
List the prime factors of 7023345.
3, 5, 7, 66889
What are the prime factors of 5575903?
5575903
List the prime factors of 233767.
17, 13751
List the prime factors of 1996166.
2, 998083
What are the prime factors of 30329476?
2, 29, 47, 5563
What are the prime factors of 12523742?
2, 7, 11, 7393
List the prime factors of 5687729.
109, 52181
What are the prime factors of 4443846?
2, 3, 11, 6121
List the prime factors of 4264323.
3, 7, 29009
What are the prime factors of 1664348?
2, 7, 59441
List the prime factors of 1332996.
2, 3, 7, 2267
What are the prime factors of 262828?
2, 65707
List the prime factors of 20410203.
3, 11, 79, 7829
What are the prime factors of 5389737?
3, 29, 41, 1511
What are the prime factors of 542811?
3, 19, 89, 107
What are the prime factors of 7372444?
2, 1843111
What are the prime factors of 5528066?
2, 2764033
What are the prime factors of 751604?
2, 7, 17, 1579
List the prime factors of 143715.
3, 5, 11, 13, 67
List the prime factors of 129128.
2, 16141
List the prime factors of 672310.
2, 5, 67231
List the prime factors of 7163708.
2, 197, 9091
What are the prime factors of 32221?
7, 4603
List the prime factors of 238682.
2, 131, 911
What are the prime factors of 4890376?
2, 611297
List the prime factors of 3952169.
13, 304013
List the prime factors of 8812518.
2, 3, 11, 13, 10271
List the prime factors of 601280.
2, 5, 1879
What are the prime factors of 55094?
2, 13, 163
What are the prime factors of 832329?
3, 29, 1063
What are the prime factors of 382278?
2, 3, 13, 29
What are the prime factors of 13336796?
2, 11, 61, 4969
What are the prime factors of 84778?
2, 19, 23, 97
List the prime factors of 402909.
3, 13, 10331
What are the prime factors of 907122?
2, 3, 31, 4877
List the prime factors of 942742.
2, 19, 24809
What are the prime factors of 15089556?
2, 3, 1257463
What are the prime factors of 697675?
5, 11, 43, 59
What are the prime factors of 17728700?
2, 5, 11, 71, 227
List the prime factors of 4460880.
2, 3, 5, 18587
What are the prime factors of 456434?
2, 11, 20747
List the prime factors of 645448.
2, 80681
What are the prime factors of 5112254?
2, 7, 19, 19219
What are the prime factors of 2075699?
2075699
What are the prime factors of 120274?
2, 7, 11, 71
What are the prime factors of 221791?
257, 863
List the prime factors of 1664602.
2, 23, 36187
What are the prime factors of 221877?
3, 89, 277
What are the prime factors of 225541?
41, 5501
What are the prime factors of 1429107?
3, 476369
What are the prime factors of 423157?
7, 61, 991
What are the prime factors of 2851847?
2851847
What are the prime factors of 1157007?
3, 113, 3413
What are the prime factors of 2828512?
2, 157, 563
List the prime factors of 6111566.
2, 659, 4637
List the prime factors of 9257687.
9257687
List the prime factors of 3773926.
2, 13, 37, 3923
List the prime factors of 1203557.
1203557
List the prime factors of 1944450.
2, 3, 5, 29, 149
List the prime factors of 192570.
2, 3, 5, 7, 131
What are the prime factors of 1612443?
3, 7, 1567
List the prime factors of 41047.
41047
List the prime factors of 2085554.
2, 19, 71, 773
List the prime factors of 27721.
19, 1459
List the prime factors of 442649.
31, 109, 131
List the prime factors of 2128093.
11, 193463
List the prime factors of 3786813.
3, 420757
What are the prime factors of 1133465?
5, 29, 7817
List the prime factors of 8246716.
2, 2061679
List the prime factors of 509796.
2, 3, 7, 17
List the prime factors of 180869.
13, 13913
List the prime factors of 10047066.
2, 3, 61, 97, 283
What are the prime factors of 1078953?
3, 19, 23, 823
What are the prime factors of 445996?
2, 43, 2593
List the prime factors of 78492.
2, 3, 31, 211
List the prime factors of 6190547.
11, 151, 3727
List the prime factors of 143355.
3, 5, 19, 503
What are the prime factors of 2968232?
2, 371029
List the prime factors of 671